{"id":15,"date":"2014-07-09T15:49:00","date_gmt":"2014-07-09T15:49:00","guid":{"rendered":"http:\/\/192.168.1.104\/restaurant\/?page_id=9"},"modified":"2022-08-11T19:21:18","modified_gmt":"2022-08-11T17:21:18","slug":"welcome","status":"publish","type":"page","link":"https:\/\/dynair.pl\/","title":{"rendered":"G\u0142\u00f3wna"},"content":{"rendered":"\n<style type=\"text\/css\" data-created_by=\"avia_inline_auto\" id=\"style-css-av-mj4f-15a75311d9c5f2ecb0667c548d09f04f\">\n.avia-section.av-mj4f-15a75311d9c5f2ecb0667c548d09f04f .av-parallax .av-parallax-inner{\nbackground-repeat:no-repeat;\nbackground-image:url(https:\/\/dynair.pl\/wp-content\/uploads\/2014\/07\/bck1.png);\nbackground-position:50% 50%;\nbackground-attachment:scroll;\n}\n.avia-section.av-mj4f-15a75311d9c5f2ecb0667c548d09f04f .av-section-color-overlay{\nopacity:0.4;\nbackground-color:#383838;\n}\n<\/style>\n<div id='av_section_1'  class='avia-section av-mj4f-15a75311d9c5f2ecb0667c548d09f04f main_color avia-section-default avia-no-shadow  avia-builder-el-0  el_before_av_section  avia-builder-el-first  avia-full-stretch av-parallax-section avia-bg-style-parallax av-section-color-overlay-active av-minimum-height av-minimum-height-custom  container_wrap sidebar_right'  data-section-bg-repeat='stretch' data-av_minimum_height_px='600'><div class='av-parallax' data-avia-parallax-ratio='0.3' ><div class='av-parallax-inner main_color avia-full-stretch'><\/div><\/div><div class=\"av-section-color-overlay-wrap\"><div class=\"av-section-color-overlay\"><\/div><div class='container av-section-cont-open' style='height:600px'><main  role=\"main\" itemprop=\"mainContentOfPage\"  class='template-page content  av-content-small alpha units'><div class='post-entry post-entry-type-page post-entry-15'><div class='entry-content-wrapper clearfix'>\n\n<style type=\"text\/css\" data-created_by=\"avia_inline_auto\" id=\"style-css-av-5x3gn-1c2eff6691a525139deab59a2867e4f1\">\n#top .av-special-heading.av-5x3gn-1c2eff6691a525139deab59a2867e4f1{\npadding-bottom:0px;\ncolor:#ffffff;\nfont-size:60px;\n}\nbody .av-special-heading.av-5x3gn-1c2eff6691a525139deab59a2867e4f1 .av-special-heading-tag .heading-char{\nfont-size:25px;\n}\n#top #wrap_all .av-special-heading.av-5x3gn-1c2eff6691a525139deab59a2867e4f1 .av-special-heading-tag{\nfont-size:60px;\n}\n.av-special-heading.av-5x3gn-1c2eff6691a525139deab59a2867e4f1 .special-heading-inner-border{\nborder-color:#ffffff;\n}\n.av-special-heading.av-5x3gn-1c2eff6691a525139deab59a2867e4f1 .av-subheading{\nfont-size:28px;\n}\n<\/style>\n<div  class='av-special-heading av-5x3gn-1c2eff6691a525139deab59a2867e4f1 av-special-heading-h1 custom-color-heading blockquote modern-quote modern-centered  avia-builder-el-1  avia-builder-el-no-sibling  av-thin-font av-inherit-size'><h1 class='av-special-heading-tag'  itemprop=\"headline\"  >Witamy w <strong>DYNAIR<\/strong><\/h1><div class='av_custom_color av-subheading av-subheading_below'><p>w \u015bwiecie przemys\u0142owej wentylacji<\/p>\n<\/div><div class=\"special-heading-border\"><div class=\"special-heading-inner-border\"><\/div><\/div><\/div>\n\n<\/div><\/div><\/main><!-- close content main element --><\/div><\/div><\/div>\n<style type=\"text\/css\" data-created_by=\"avia_inline_auto\" id=\"style-css-av-55aaz-fd9e5dc29e86defaf6d42ec8aa1d88c6\">\n.avia-section.av-55aaz-fd9e5dc29e86defaf6d42ec8aa1d88c6{\nbackground-color:#dddddd;\nbackground-image:url(https:\/\/dynair.pl\/wp-content\/uploads\/2014\/07\/fan12.jpg);\nbackground-repeat:no-repeat;\nbackground-position:0% 50%;\nbackground-attachment:scroll;\n}\n.avia-section.av-55aaz-fd9e5dc29e86defaf6d42ec8aa1d88c6 .av-section-color-overlay{\nopacity:0.5;\nbackground-color:#ffffff;\n}\n<\/style>\n<div id='av_section_2'  class='avia-section av-55aaz-fd9e5dc29e86defaf6d42ec8aa1d88c6 main_color avia-section-large avia-no-border-styling  avia-builder-el-2  el_after_av_section  el_before_av_section  avia-bg-style-scroll av-section-color-overlay-active container_wrap sidebar_right'  data-section-bg-repeat='no-repeat'><div class=\"av-section-color-overlay-wrap\"><div class=\"av-section-color-overlay\"><\/div><div class='container av-section-cont-open' ><div class='template-page content  av-content-small alpha units'><div class='post-entry post-entry-type-page post-entry-15'><div class='entry-content-wrapper clearfix'>\n<div class='flex_column av-f8p7-2fb1529a3e3202a8b19f552932a7c0b5 av_two_fifth  avia-builder-el-3  el_before_av_one_fifth  avia-builder-el-first  first flex_column_div '     ><style type=\"text\/css\" data-created_by=\"avia_inline_auto\" id=\"style-css-av-k2n5cshk-9646dc8dd615c9895ab8ea2a3b97b2e1\">\n#top .av-special-heading.av-k2n5cshk-9646dc8dd615c9895ab8ea2a3b97b2e1{\npadding-bottom:0px;\n}\nbody .av-special-heading.av-k2n5cshk-9646dc8dd615c9895ab8ea2a3b97b2e1 .av-special-heading-tag .heading-char{\nfont-size:25px;\n}\n.av-special-heading.av-k2n5cshk-9646dc8dd615c9895ab8ea2a3b97b2e1 .av-subheading{\nfont-size:15px;\n}\n<\/style>\n<div  class='av-special-heading av-k2n5cshk-9646dc8dd615c9895ab8ea2a3b97b2e1 av-special-heading-h2 blockquote modern-quote  avia-builder-el-4  avia-builder-el-no-sibling '><h2 class='av-special-heading-tag'  itemprop=\"headline\"  >DYNAIR\u00ae <br \/>marka Maico Italia SpA to systemy wentylacji od uznanego producenta. To produkty <span class='special_amp'>&#8222;<\/span>made in Italy<span class='special_amp'>&#8221;<\/span> znane w Europie i na ca\u0142ym \u015bwiecie.<\/h2><div class=\"special-heading-border\"><div class=\"special-heading-inner-border\"><\/div><\/div><\/div><\/div><div class='flex_column av-f8p7-20-c7e111991b8781afcd6236362998d6c2 av_one_fifth  avia-builder-el-5  el_after_av_two_fifth  el_before_av_two_fifth  flex_column_div '     ><\/div>\n<style type=\"text\/css\" data-created_by=\"avia_inline_auto\" id=\"style-css-av-f8p7-19-803d38bd84772e2cf02439dbb3842138\">\n.flex_column.av-f8p7-19-803d38bd84772e2cf02439dbb3842138{\n-webkit-border-radius:0px 0px 0px 0px;\n-moz-border-radius:0px 0px 0px 0px;\nborder-radius:0px 0px 0px 0px;\n}\n<\/style>\n<div class='flex_column av-f8p7-19-803d38bd84772e2cf02439dbb3842138 av_two_fifth  avia-builder-el-7  el_after_av_one_fifth  avia-builder-el-last  flex_column_div av-zero-column-padding '     ><style type=\"text\/css\" data-created_by=\"avia_inline_auto\" id=\"style-css-av-k2n5a8p2-18-8b90b3b8a97b3bce2e2493c37ba0d28b\">\n#top .av-special-heading.av-k2n5a8p2-18-8b90b3b8a97b3bce2e2493c37ba0d28b{\npadding-bottom:0px;\n}\nbody .av-special-heading.av-k2n5a8p2-18-8b90b3b8a97b3bce2e2493c37ba0d28b .av-special-heading-tag .heading-char{\nfont-size:25px;\n}\n.av-special-heading.av-k2n5a8p2-18-8b90b3b8a97b3bce2e2493c37ba0d28b .av-subheading{\nfont-size:15px;\n}\n<\/style>\n<div  class='av-special-heading av-k2n5a8p2-18-8b90b3b8a97b3bce2e2493c37ba0d28b av-special-heading-h2 blockquote modern-quote  avia-builder-el-8  avia-builder-el-no-sibling '><h2 class='av-special-heading-tag'  itemprop=\"headline\"  >jako\u015b\u0107 to nasza misja<\/h2><div class='av-subheading av-subheading_below'><p>DYNAIR\u00ae marka Maico Italia S.p.A. dedykowana wentylacji przemys\u0142owej. Dzi\u0119ki do\u015bwiadczeniu i mo\u017cliwo\u015bciach technologicznych, jeste\u015bmy producentem znanym w Europie i na \u015bwiecie. Od ponad 30 lat dostarczamy naszym klientom produkty najwy\u017cszej jako\u015bci.<\/p>\n<p>Razem z Maico Holding GmbH, niemieck\u0105 grup\u0105 przoduj\u0105c\u0105 w bran\u017cy wentylacyjnej, tworzymy jako\u015b\u0107, kt\u00f3ra pozwala na sprostanie nawet najwi\u0119kszym wyzwaniom.<\/p>\n<\/div><div class=\"special-heading-border\"><div class=\"special-heading-inner-border\"><\/div><\/div><\/div><\/div>\n\n<\/div><\/div><\/div><!-- close content main div --><\/div><\/div><\/div>\n<style type=\"text\/css\" data-created_by=\"avia_inline_auto\" id=\"style-css-av-k2n63zt1-11a224154c309cced8f3921e8f04b6aa\">\n.avia-section.av-k2n63zt1-11a224154c309cced8f3921e8f04b6aa{\nbackground-color:#ffffff;\nbackground-image:unset;\n}\n.avia-section.av-k2n63zt1-11a224154c309cced8f3921e8f04b6aa .av-section-color-overlay{\nopacity:0.5;\nbackground-color:#ffffff;\n}\n<\/style>\n<div id='av_section_3'  class='avia-section av-k2n63zt1-11a224154c309cced8f3921e8f04b6aa main_color avia-section-default avia-no-border-styling  avia-builder-el-9  el_after_av_section  el_before_av_button  avia-bg-style-scroll av-section-color-overlay-active container_wrap sidebar_right'  ><div class=\"av-section-color-overlay-wrap\"><div class=\"av-section-color-overlay\"><\/div><div class='container av-section-cont-open' ><div class='template-page content  av-content-small alpha units'><div class='post-entry post-entry-type-page post-entry-15'><div class='entry-content-wrapper clearfix'>\n\n<style type=\"text\/css\" data-created_by=\"avia_inline_auto\" id=\"style-css-av-k2n688se-954db458947d78491ea3c5817ef216b3\">\n#top .av-special-heading.av-k2n688se-954db458947d78491ea3c5817ef216b3{\nmargin:70px 0 70px 0;\npadding-bottom:0px;\n}\nbody .av-special-heading.av-k2n688se-954db458947d78491ea3c5817ef216b3 .av-special-heading-tag .heading-char{\nfont-size:25px;\n}\n.av-special-heading.av-k2n688se-954db458947d78491ea3c5817ef216b3 .av-subheading{\nfont-size:15px;\n}\n<\/style>\n<div  class='av-special-heading av-k2n688se-954db458947d78491ea3c5817ef216b3 av-special-heading-h1 blockquote modern-quote modern-centered  avia-builder-el-10  el_before_av_one_third  avia-builder-el-first  av-linked-heading'><h1 class='av-special-heading-tag'  itemprop=\"headline\"  >kluczowe produkty:<\/h1><div class=\"special-heading-border\"><div class=\"special-heading-inner-border\"><\/div><\/div><\/div>\n\n<style type=\"text\/css\" data-created_by=\"avia_inline_auto\" id=\"style-css-av-23whv-8ceccf973f08c57ef778f6054daf1f18\">\n.flex_column.av-23whv-8ceccf973f08c57ef778f6054daf1f18{\npadding:0 0 70px 0;\n}\n<\/style>\n<div class='flex_column av-23whv-8ceccf973f08c57ef778f6054daf1f18 av_one_third  avia-builder-el-11  el_after_av_heading  el_before_av_one_third  first flex_column_div '     ><p>\n<style type=\"text\/css\" data-created_by=\"avia_inline_auto\" id=\"style-css-av-2d73-c161ba7c178409b5d7b9e4e71ce4bc43\">\n.avia-image-container.av-2d73-c161ba7c178409b5d7b9e4e71ce4bc43 img.avia_image{\nbox-shadow:none;\n}\n.avia-image-container.av-2d73-c161ba7c178409b5d7b9e4e71ce4bc43 .av-image-caption-overlay-center{\ncolor:#ffffff;\n}\n<\/style>\n<div  class='avia-image-container av-2d73-c161ba7c178409b5d7b9e4e71ce4bc43 av-styling- avia-align-center  avia-builder-el-12  el_before_av_textblock  avia-builder-el-first '   itemprop=\"image\" itemscope=\"itemscope\" itemtype=\"https:\/\/schema.org\/ImageObject\" ><div class=\"avia-image-container-inner\"><div class=\"avia-image-overlay-wrap\"><img class='wp-image-1004 avia-img-lazy-loading-not-1004 avia_image ' src=\"https:\/\/dynair.pl\/wp-content\/uploads\/2022\/08\/wentylatory-at-ht.png\" alt='' title='wentylatory-at-ht'  height=\"165\" width=\"161\"  itemprop=\"thumbnailUrl\" srcset=\"https:\/\/dynair.pl\/wp-content\/uploads\/2022\/08\/wentylatory-at-ht.png 161w, https:\/\/dynair.pl\/wp-content\/uploads\/2022\/08\/wentylatory-at-ht-36x36.png 36w\" sizes=\"(max-width: 161px) 100vw, 161px\" \/><\/div><\/div><\/div><br \/>\n<section  class='av_textblock_section av-l6bb66oo-2bd9710079331e04ee7f8378cece3218'  itemscope=\"itemscope\" itemtype=\"https:\/\/schema.org\/CreativeWork\" ><div class='avia_textblock'  itemprop=\"text\" ><h2 style=\"text-align: center;\">TA HT<\/h2>\n<p style=\"text-align: center;\"><span style=\"font-weight: 400;\">Seria TA to wentylatory osiowe kana\u0142owe z wirnikami o profilu aerodynamicznym i regulowanym k\u0105tem nachylenia dla maksymalnej wydajno\u015bci. S\u0105 one szczeg\u00f3lnie wskazane w tych zastosowaniach, kt\u00f3re wymagaj\u0105 absolutnej zgodno\u015bci z wysokimi specyfikacjami pod wzgl\u0119dem ci\u015bnienia i obj\u0119to\u015bci powietrza. Dost\u0119pne w wykonaniu F300 i F400.<\/span><\/p>\n<\/div><\/section><br \/>\n<div  class='avia-button-wrap av-l6bbc6c4-e4a397e9221f785b735dbc9a31133c21-wrap avia-button-center  avia-builder-el-14  el_after_av_textblock  avia-builder-el-last ' ><a href='https:\/\/www.dynair.it\/content\/uploads\/2019\/10\/Scheda-TA-HT-Dynair-_-ITA-Generica-19-2-21.pdf' class='avia-button av-l6bbc6c4-e4a397e9221f785b735dbc9a31133c21 avia-icon_select-yes-left-icon avia-size-medium avia-position-center avia-color-theme-color' target=\"_blank\" rel=\"noopener noreferrer\"><span class='avia_button_icon avia_button_icon_left' aria-hidden='true' data-av_icon='\ue84c' data-av_iconfont='entypo-fontello'><\/span><span class='avia_iconbox_title' >Zobacz wi\u0119cej<\/span><\/a><\/div><\/p><\/div><div class='flex_column av-4vs7-6d77a29ba4300b8b1874583525f9cabd av_one_third  avia-builder-el-15  el_after_av_one_third  el_before_av_one_third  flex_column_div '     ><p>\n<style type=\"text\/css\" data-created_by=\"avia_inline_auto\" id=\"style-css-av-l6bd790x-7a360d49bd0e2fad15fd6351a8075187\">\n.avia-image-container.av-l6bd790x-7a360d49bd0e2fad15fd6351a8075187 img.avia_image{\nbox-shadow:none;\n}\n.avia-image-container.av-l6bd790x-7a360d49bd0e2fad15fd6351a8075187 .av-image-caption-overlay-center{\ncolor:#ffffff;\n}\n<\/style>\n<div  class='avia-image-container av-l6bd790x-7a360d49bd0e2fad15fd6351a8075187 av-styling- avia-align-center  avia-builder-el-16  el_before_av_textblock  avia-builder-el-first '   itemprop=\"image\" itemscope=\"itemscope\" itemtype=\"https:\/\/schema.org\/ImageObject\" ><div class=\"avia-image-container-inner\"><div class=\"avia-image-overlay-wrap\"><img class='wp-image-1005 avia-img-lazy-loading-not-1005 avia_image ' src=\"https:\/\/dynair.pl\/wp-content\/uploads\/2022\/08\/wentylatory-axc.jpg\" alt='' title='wentylatory-axc'  height=\"165\" width=\"161\"  itemprop=\"thumbnailUrl\" srcset=\"https:\/\/dynair.pl\/wp-content\/uploads\/2022\/08\/wentylatory-axc.jpg 161w, https:\/\/dynair.pl\/wp-content\/uploads\/2022\/08\/wentylatory-axc-36x36.jpg 36w\" sizes=\"(max-width: 161px) 100vw, 161px\" \/><\/div><\/div><\/div><br \/>\n<section  class='av_textblock_section av-l6bba7za-ba8253f71a6c43531a15bd9befb24a11'  itemscope=\"itemscope\" itemtype=\"https:\/\/schema.org\/CreativeWork\" ><div class='avia_textblock'  itemprop=\"text\" ><h2 style=\"text-align: center;\">AXC<\/h2>\n<p style=\"text-align: center;\"><span style=\"font-weight: 400;\">Seria AXC to kana\u0142owe, od\u015brodkowe wentylatory o ergonomicznym kszta\u0142cie i wysokich sprawno\u015bciach. Posiadaj\u0105 obudow\u0119 metalow\u0105.<\/span><\/p>\n<\/div><\/section><br \/>\n<div  class='avia-button-wrap av-l6bbe5ou-0e719ea4ae71c27c2eaffeafe379a24f-wrap avia-button-center  avia-builder-el-18  el_after_av_textblock  avia-builder-el-last ' ><a href='https:\/\/www.dynair.it\/content\/uploads\/2017\/10\/AXC-LINE-METAL-13-7-21.pdf' class='avia-button av-l6bbe5ou-0e719ea4ae71c27c2eaffeafe379a24f avia-icon_select-yes-left-icon avia-size-medium avia-position-center avia-color-theme-color' target=\"_blank\" rel=\"noopener noreferrer\"><span class='avia_button_icon avia_button_icon_left' aria-hidden='true' data-av_icon='\ue84c' data-av_iconfont='entypo-fontello'><\/span><span class='avia_iconbox_title' >Zobacz wi\u0119cej<\/span><\/a><\/div><\/p><\/div><div class='flex_column av-z9gf-151679f38333623cd8884d253430c5d5 av_one_third  avia-builder-el-19  el_after_av_one_third  avia-builder-el-last  flex_column_div '     ><p>\n<style type=\"text\/css\" data-created_by=\"avia_inline_auto\" id=\"style-css-av-l6bd8a4e-fafd1e40bd65269fa089d527fbe5478f\">\n.avia-image-container.av-l6bd8a4e-fafd1e40bd65269fa089d527fbe5478f img.avia_image{\nbox-shadow:none;\n}\n.avia-image-container.av-l6bd8a4e-fafd1e40bd65269fa089d527fbe5478f .av-image-caption-overlay-center{\ncolor:#ffffff;\n}\n<\/style>\n<div  class='avia-image-container av-l6bd8a4e-fafd1e40bd65269fa089d527fbe5478f av-styling- avia-align-center  avia-builder-el-20  el_before_av_textblock  avia-builder-el-first '   itemprop=\"image\" itemscope=\"itemscope\" itemtype=\"https:\/\/schema.org\/ImageObject\" ><div class=\"avia-image-container-inner\"><div class=\"avia-image-overlay-wrap\"><img class='wp-image-1006 avia-img-lazy-loading-not-1006 avia_image ' src=\"https:\/\/dynair.pl\/wp-content\/uploads\/2022\/08\/wentylatory-dachowe.jpg\" alt='' title='wentylatory-dachowe'  height=\"165\" width=\"161\"  itemprop=\"thumbnailUrl\" srcset=\"https:\/\/dynair.pl\/wp-content\/uploads\/2022\/08\/wentylatory-dachowe.jpg 161w, https:\/\/dynair.pl\/wp-content\/uploads\/2022\/08\/wentylatory-dachowe-36x36.jpg 36w\" sizes=\"(max-width: 161px) 100vw, 161px\" \/><\/div><\/div><\/div><br \/>\n<section  class='av_textblock_section av-l6bbar2f-00920f8e4a88691ec1b2a1dc39a33d80'  itemscope=\"itemscope\" itemtype=\"https:\/\/schema.org\/CreativeWork\" ><div class='avia_textblock'  itemprop=\"text\" ><h2 style=\"text-align: center;\">FC<\/h2>\n<p style=\"text-align: center;\">Promieniowe wentylatory dachowe z poziomym wyrzutem powietrza, przeznaczone do wentylacji bezpo\u015bredniej lub kana\u0142owej w budynkach mieszkalnych, handlowych i przemys\u0142owych.<\/p>\n<\/div><\/section><br \/>\n<div  class='avia-button-wrap av-l6bbeovr-159280e8f4876c443c06aa2603d2c03e-wrap avia-button-center  avia-builder-el-22  el_after_av_textblock  avia-builder-el-last ' ><a href='https:\/\/dynair.pl\/?page_id=787'  class='avia-button av-l6bbeovr-159280e8f4876c443c06aa2603d2c03e avia-icon_select-yes-left-icon avia-size-medium avia-position-center avia-color-theme-color'  target=\"_blank\"  rel=\"noopener noreferrer\"><span class='avia_button_icon avia_button_icon_left' aria-hidden='true' data-av_icon='\ue84c' data-av_iconfont='entypo-fontello'><\/span><span class='avia_iconbox_title' >Zobacz wi\u0119cej<\/span><\/a><\/div><\/p><\/div>\n<\/div><\/div><\/div><!-- close content main div --><\/div><\/div><\/div><div id='after_section_3'  class='main_color av_default_container_wrap container_wrap sidebar_right'  ><div class='container av-section-cont-open' ><div class='template-page content  av-content-small alpha units'><div class='post-entry post-entry-type-page post-entry-15'><div class='entry-content-wrapper clearfix'>\n<div  class='avia-button-wrap av-k2wy1h8c-2ff5332e360bfe6f3eebd2cfcd3dab57-wrap avia-button-center  avia-builder-el-23  el_after_av_section  avia-builder-el-no-sibling ' ><a href='https:\/\/dynair.pl\/?page_id=764'  class='avia-button av-k2wy1h8c-2ff5332e360bfe6f3eebd2cfcd3dab57 avia-icon_select-no avia-size-large avia-position-center avia-color-theme-color'  target=\"_blank\"  rel=\"noopener noreferrer\"><span class='avia_iconbox_title' >zobacz wi\u0119cej<\/span><\/a><\/div>\n","protected":false},"excerpt":{"rendered":"","protected":false},"author":1,"featured_media":0,"parent":0,"menu_order":0,"comment_status":"open","ping_status":"open","template":"","meta":[],"_links":{"self":[{"href":"https:\/\/dynair.pl\/index.php?rest_route=\/wp\/v2\/pages\/15"}],"collection":[{"href":"https:\/\/dynair.pl\/index.php?rest_route=\/wp\/v2\/pages"}],"about":[{"href":"https:\/\/dynair.pl\/index.php?rest_route=\/wp\/v2\/types\/page"}],"author":[{"embeddable":true,"href":"https:\/\/dynair.pl\/index.php?rest_route=\/wp\/v2\/users\/1"}],"replies":[{"embeddable":true,"href":"https:\/\/dynair.pl\/index.php?rest_route=%2Fwp%2Fv2%2Fcomments&post=15"}],"version-history":[{"count":163,"href":"https:\/\/dynair.pl\/index.php?rest_route=\/wp\/v2\/pages\/15\/revisions"}],"predecessor-version":[{"id":1132,"href":"https:\/\/dynair.pl\/index.php?rest_route=\/wp\/v2\/pages\/15\/revisions\/1132"}],"wp:attachment":[{"href":"https:\/\/dynair.pl\/index.php?rest_route=%2Fwp%2Fv2%2Fmedia&parent=15"}],"curies":[{"name":"wp","href":"https:\/\/api.w.org\/{rel}","templated":true}]}}